n divisor of 6 and j.
6
Suppose 4*m - 1418 = 4*p + 278, 5*p = -3*m + 1280. What is the highest common factor of m and 17?
17
Let l be ((-33)/2)/((-70)/3780). What is the greatest common divisor of l and 22?
11
Suppose -4*w + 3 = -5*l + 14, 0 = -5*l + 3*w + 7. Let k be ((-108 + 0)/3)/l. Let v = -29 + k. What is the highest common divisor of v and 35?
7
Let x be (-1)/2*(-12)/(-30)*-65. Calculate the greatest common factor of 975 and x.
13
Suppose 2*o = 4*y - 836, -11*y = -9*y + 2*o - 424. What is the greatest common factor of 60 and y?
30
Suppose 2*u - 3*w + 16 = 0, 0 = -2*u - 2*w + 3 + 1. Let x be (-3 + 1 + -20)*2/u. Calculate the highest common divisor of 198 and x.
22
Let i = -11 - -19. Let s(n) = -n**3 - 5*n**2 + 3*n - 10. Let y be s(-6). What is the greatest common divisor of y and i?
8
Let v be 3*10/(-105) - (-19)/(-7). Let c be (-70)/(-15) + -4 - 40/v. Calculate the highest common divisor of 4 and c.
2
Let p(k) = 5*k**2 - k - 4. Let l be p(-2). Let g be 3/3 + 7*5/7. What is the highest common factor of g and l?
6
Let o(c) = 3*c**2 - 12*c - 12. Let j be o(10). Calculate the highest common factor of 24 and j.
24
Let i(d) = 2*d**2 + 6*d + 140. Let t be i(-8). Calculate the greatest common factor of 495 and t.
55
Let v(o) = -o**2 + 23*o - 10. Let n be v(9). What is the greatest common factor of n and 174?
58
Let s(q) = q**2 + q - 7. Let k be s(3). Suppose k*r = 25 + 155. What is the highest common divisor of r and 54?
18
Let q(u) = 9*u - 5. Let j be q(6). Suppose 4*i + 171 = -93. Let p = 73 + i. Calculate the highest common divisor of j and p.
7
Let b = -46 - -64. Let t be 1/(-2) - (-4)/8. Suppose -2*a + 4*a - 4 = t. What is the highest common factor of a and b?
2
Suppose 8 = 2*m - 4*y, m - 1 = -3*y - 2. Let l be (116/(-8))/(m/(-4)). Let s = l + -20. Calculate the highest common factor of 9 and s.
9
Let u be ((-1)/(-2) + 0)/((-2)/(-52)). Calculate the highest common factor of 325 and u.
13
Let i be 1/(-4) - 388/(-16). Let w be -1 + 1 - (2 - i). Calculate the greatest common factor of 55 and w.
11
Let q(n) = -26 - 5 - 4*n - 22*n + 11. Let a be q(-5). Suppose 0 = -3*i - i + 88. What is the greatest common divisor of a and i?
22
Let w = -403 - -2856. Calculate the greatest common factor of w and 11.
11
Suppose -3 + 7 = 4*a. Let b be 252/24 - a/2. Let v be 8/b*425/10. What is the greatest common divisor of v and 374?
34
Suppose -5*z + 37 = -733. Let w = 89 - 67. What is the highest common divisor of w and z?
22
Let g(t) = -7*t - 8. Let r be g(-14). Let d be (r/(-12))/(1/(-12)). Calculate the greatest common factor of d and 45.
45
Suppose 3*k - 117 = 3*p, -k + 5*k = 3*p + 153. Let g be 1492/6 + 6/k*-4. What is the highest common divisor of 31 and g?
31
Suppose 3*b - 178 = 119. Suppose 3*c + 5 - 38 = 0. Calculate the greatest common divisor of b and c.
11
Let v be 12/4 + 41/((-2)/(-2)). Let w = v - 29. Calculate the highest common factor of 10 and w.
5
Let g(x) = -89*x + 742. Let u be g(8). Calculate the highest common divisor of 230 and u.
10
Let b = 88 - -87. What is the highest common factor of b and 70?
35
Let m be 408/(-306) - (0 + 268/(-3)). Let i be 4/3*(-165)/(-10). Calculate the greatest common factor of m and i.
22
Suppose 32*g - 25*g = 252. Suppose -10 = -4*l + 6. Calculate the highest common factor of l and g.
4
Let b = 76 + -74. Suppose -b*v = -3*x + 6*x - 140, 5*v + 10 = 0. Calculate the highest common divisor of 16 and x.
16
Suppose -9*b = -12*b + 459. Calculate the highest common factor of 18 and b.
9
Let b(v) = 5*v**2 + 19*v + 84. Let g be b(-4). Let h be -16*(15/(-6))/5. Calculate the greatest common factor of g and h.
8
Suppose -54 = -7*b + 100. What is the greatest common divisor of b and 8?
2
Suppose 501 - 213 + 1152 = 80*o. Suppose -145 = 7*q - 2*q. Let j be 2/(-3) + q/(-3). What is the greatest common factor of o and j?
9
Let w = 12 + -12. Let p be w + 3 + (-5 - -2). Let v be 1 - (0 + -2 - p). Calculate the greatest common factor of v and 15.
3
Suppose 4*x - 8 = 2*x, 5*t = 5*x + 130. Let z be ((-4)/(-5) + 0)*t. Let v be ((-8)/6 - 0)*-3. What is the highest common factor of z and v?
4
Let b = 599 + -565. Suppose 5*m - 3 - 82 = 0. Calculate the greatest common divisor of b and m.
17
Suppose 6*w + 104 = 2*w - v, 2*w + 70 = -5*v. Let u = 49 + w. What is the highest common divisor of u and 4?
4
Let i(c) = -c**2 - 36*c - 92. Let h be i(-30). Suppose a - 95 = -4*a + 4*p, 19 = a - 4*p. Let o = a - 11. What is the highest common divisor of o and h?
8
Suppose 85 = -5*w + 175. What is the greatest common divisor of w and 1413?
9
Suppose 5*r + 233 = 8*r + 5*h, -3*r = -3*h - 273. Calculate the highest common divisor of 774 and r.
86
Suppose -4*k + 142 = -146. Suppose 2*n - 11*n = -k. Calculate the greatest common factor of n and 8.
8
Let r = -27 + 31. Let y be 50/((2/(-4))/(r/(-4))). Calculate the highest common divisor of 40 and y.
20
Let q = 18 - 22. Let s(l) = -2*l**3 - 8*l**2 - 7*l + 2. Let n be s(q). What is the greatest common divisor of 210 and n?
30
Let t(y) = -15*y + 300. Let i be t(12). What is the greatest common factor of 280 and i?
40
Suppose 7*j + 78 = 848. What is the greatest common factor of 30 and j?
10
Suppose -t + 3 = 1, -2*r = 2*t - 2. Let f = r - -2. Let s be 19 + (f - 6/2). What is the greatest common divisor of s and 51?
17
Suppose 3*g - 41 + 29 = 0. What is the highest common divisor of g and 4?
4
Suppose 4*f + 50 = 5*a, -7*a + 2*a = -5*f - 45. Calculate the highest common factor of 14 and a.
14
Let d(z) = -z**3 - 7*z**2 - 20*z - 223. Let r be d(-11). Calculate the greatest common factor of 74 and r.
37
Let t = -191 + 202. What is the greatest common factor of 44 and t?
11
Let h be (78/15)/((-10 + 8)/(-390)). Calculate the highest common factor of 12 and h.
6
Let a(b) = -b - 1. Let o(t) = t**3 - 3*t**2 - 7*t - 4. Let c(g) = 4*a(g) - o(g). Let j be c(3). What is the highest common factor of j and 1?
1
Let f(p) = 22*p + 11. Let y be f(5). Suppose -6*m = -7*m + y. Calculate the highest common divisor of 11 and m.
11
Suppose 18*y - 209 = 259. Calculate the highest common factor of y and 39.
13
Let j be 49 + 729/162*(-1 - 1). Let r(s) = 7*s**2 + 2*s - 4. Let m be r(-4). Calculate the greatest common factor of m and j.
20
Let z(v) = 19*v + 261. Let m be z(-13). What is the highest common factor of 378 and m?
14
Let u be 2 + 9/(-4) + 341/4. Suppose 113 = 5*g - 2*g + 2*l, 3*g = 5*l + u. What is the greatest common divisor of g and 21?
7
Let p(g) = -7*g**2 + 34*g - 10. Let h be p(4). What is the highest common factor of 70 and h?
14
Let u be (-12)/(-4 + 2) + -3. Let o be (u + 0)*(1 + 0). Suppose -4*y - 65 = -5*b, 3*y = 5*b - 32 - 28. Calculate the highest common divisor of o and b.
3
Let l = 128 - 126. Suppose 5*s = l*u + 162, -3*u = -5*s - 2*u + 166. Calculate the highest common divisor of 272 and s.
34
Let n = 12 + 1. Suppose -5*x = -2*l - 260, 2*l + l = x - 52. Calculate the greatest common divisor of n and x.
13
Let y(t) = 15*t - 40. Let d be y(3). Suppose d - 17 = -4*v. Let h be 31/5 + 2/(-10). Calculate the highest common divisor of h and v.
3
Let g(k) be the third derivative of 3*k**5/20 + 3*k**4/8 + 2*k**3 + 26*k**2. Let d be g(-2). Calculate the highest common divisor of 6 and d.
6
Let o = 178 + -121. Let g = 108 - o. Suppose -17*c + 79 = -210. Calculate the greatest common factor of c and g.
17
Let d be 8/(-5) - (-13)/5. Calculate the greatest common divisor of d and 106.
1
Suppose -648 = -10*q - 14*q. What is the highest common factor of q and 45?
9
Suppose -9*l = -32 - 4. Suppose -2*p - 36 = 2*w - 4*w, 0 = w - l*p - 27. Calculate the greatest common factor of w and 6.
3
Let x = -1225 - -713. Let d = x + 760. Let g be -2 - (0 - 99)/3. What is the greatest common factor of g and d?
31
Suppose -5*t + 4*d + 102 = 0, 3*t + 0*t - d - 64 = 0. Let o(m) = -m**3 - m**2 - m + 11. Let g be o(0). What is the highest common divisor of g and t?
11
Let w = 6 + -6. Suppose w = -2*l - 5*m - 11 - 6, 5*l + m = -54. Let t be (l/(-4))/((-1)/(-4)). What is the greatest common factor of t and 11?
11
Let h = -305 - -336. What is the highest common divisor of h and 1?
1
Suppose -12*u + 32449 = 32389. Suppose 2*j + r - 28 = -r, 2*r = 3*j - 22. What is the greatest common factor of u and j?
5
Let q be (-280)/(-12) - (-1 + (-2)/(-6)).